actors of 1716214?
2, 23, 37309
What are the prime factors of 159645071?
31, 5149841
List the prime factors of 117347671.
7, 53, 316301
List the prime factors of 73987849.
13, 23, 247451
What are the prime factors of 4055782?
2, 179, 11329
List the prime factors of 377266732.
2, 94316683
List the prime factors of 26545678.
2, 727, 18257
What are the prime factors of 24836435?
5, 13, 23, 37, 449
List the prime factors of 47234574.
2, 3, 59, 79, 563
List the prime factors of 55317954.
2, 3, 9219659
What are the prime factors of 25685473?
11, 19, 59, 2083
List the prime factors of 705366320.
2, 5, 661, 13339
List the prime factors of 108408515.
5, 953, 22751
What are the prime factors of 88659884?
2, 53, 418207
List the prime factors of 175077543.
3, 17, 773, 4441
List the prime factors of 539683502.
2, 59, 4573589
What are the prime factors of 89321185?
5, 19, 940223
What are the prime factors of 96148440?
2, 3, 5, 103, 2593
What are the prime factors of 30652636?
2, 7, 43, 3637
What are the prime factors of 529834457?
1487, 356311
What are the prime factors of 35774896?
2, 47, 113, 421
What are the prime factors of 133523381?
47, 71, 40013
List the prime factors of 3886044.
2, 3, 323837
What are the prime factors of 210346148?
2, 52586537
List the prime factors of 65102207.
65102207
What are the prime factors of 197267799?
3, 65755933
List the prime factors of 94769772.
2, 3, 7897481
List the prime factors of 1742419141.
14887, 117043
What are the prime factors of 23107870?
2, 5, 23, 100469
List the prime factors of 28410684.
2, 3, 2367557
List the prime factors of 3885794334.
2, 3, 215877463
List the prime factors of 1954911880.
2, 5, 79, 618643
List the prime factors of 844481632.
2, 59, 433, 1033
List the prime factors of 44786509.
44786509
What are the prime factors of 352043668?
2, 73, 1205629
What are the prime factors of 3175393835?
5, 37, 17164291
What are the prime factors of 311358666?
2, 3, 51893111
What are the prime factors of 746447220?
2, 3, 5, 17, 83, 2939
What are the prime factors of 92521630?
2, 5, 2309, 4007
List the prime factors of 38065156.
2, 37, 311, 827
What are the prime factors of 166431781?
166431781
List the prime factors of 110127522.
2, 3, 3137, 5851
List the prime factors of 839868915.
3, 5, 55991261
List the prime factors of 296435065.
5, 59287013
List the prime factors of 15823331.
15823331
What are the prime factors of 6704247?
3, 11, 23, 73
What are the prime factors of 91305266?
2, 13, 17, 251, 823
What are the prime factors of 102757568?
2, 1605587
List the prime factors of 81853675.
5, 199, 16453
List the prime factors of 24903497.
157, 158621
What are the prime factors of 5411121018?
2, 3, 37, 24374419
What are the prime factors of 869275367?
869275367
List the prime factors of 3131649845.
5, 37, 139, 193, 631
What are the prime factors of 544650470?
2, 5, 7, 13, 31, 43, 449
What are the prime factors of 4751152428?
2, 3, 11, 35993579
List the prime factors of 46969516.
2, 11, 1067489
What are the prime factors of 289292175?
3, 5, 43, 9967
What are the prime factors of 28031638?
2, 14015819
List the prime factors of 2858921016.
2, 3, 7, 107, 157, 1013
List the prime factors of 108647945.
5, 7, 283, 1567
List the prime factors of 311438290.
2, 5, 127, 251, 977
List the prime factors of 152863238.
2, 11, 607, 11447
What are the prime factors of 24766470?
2, 3, 5, 275183
What are the prime factors of 149566863?
3, 1301, 38321
List the prime factors of 548888643.
3, 179, 12619
What are the prime factors of 61082803?
31, 1970413
List the prime factors of 4376686380.
2, 3, 5, 11, 17, 29, 13451
What are the prime factors of 96806503?
257, 376679
List the prime factors of 40715768.
2, 29, 175499
What are the prime factors of 188078138?
2, 263, 357563
What are the prime factors of 5502615913?
17, 37, 157, 55721
What are the prime factors of 715429053?
3, 23, 239, 14461
List the prime factors of 835765179.
3, 19, 631, 1223
What are the prime factors of 686398408?
2, 19, 4515779
List the prime factors of 33075363.
3, 11025121
What are the prime factors of 2880596949?
3, 23929, 40127
What are the prime factors of 2862386222?
2, 1117, 1281283
What are the prime factors of 2908933656?
2, 3, 257, 471617
List the prime factors of 528771696.
2, 3, 2791, 3947
List the prime factors of 128557402.
2, 421, 152681
What are the prime factors of 264106947?
3, 13, 520921
What are the prime factors of 75771593?
373, 203141
What are the prime factors of 7097698?
2, 31, 114479
What are the prime factors of 1093954105?
5, 59, 3708319
List the prime factors of 6310957020.
2, 3, 5, 105182617
List the prime factors of 1774295970.
2, 3, 5, 59143199
List the prime factors of 204232490.
2, 5, 7, 11, 5413
What are the prime factors of 300404321?
7, 43, 61, 16361
What are the prime factors of 6915017?
967, 7151
What are the prime factors of 334066272?
2, 3, 3479857
List the prime factors of 352642530.
2, 3, 5, 97, 179, 677
What are the prime factors of 41313008?
2, 11, 234733
What are the prime factors of 19289925?
3, 5, 85733
List the prime factors of 3226985824.
2, 100843307
List the prime factors of 33808447.
151, 181, 1237
What are the prime factors of 161922652?
2, 67, 604189
What are the prime factors of 124414370?
2, 5, 313, 39749
What are the prime factors of 3163408?
2, 197713
What are the prime factors of 250108073?
250108073
What are the prime factors of 615088383?
3, 7, 13, 43, 151, 347
List the prime factors of 6633772975.
5, 89, 2981471
List the prime factors of 47990992.
2, 7, 41, 1493
What are the prime factors of 1152465074?
2, 751, 767287
What are the prime factors of 16483513?
29, 269, 2113
List the prime factors of 943880358.
2, 3, 17, 43, 12659
List the prime factors of 546268305.
3, 5, 11, 3310717
List the prime factors of 255841041.
3, 17, 67, 74873
List the prime factors of 2108226564.
2, 3, 107, 383, 1429
List the prime factors of 2255863348.
2, 17, 59, 227, 2477
List the prime factors of 936487156.
2, 11, 577, 36887
List the prime factors of 940338271.
71, 137, 277, 349
List the prime factors of 144883226.
2, 293, 247241
List the prime factors of 158051939.
251, 629689
What are the prime factors of 508458318?
2, 3, 229, 370057
List the prime factors of 249682962.
2, 3, 1171, 35537
List the prime factors of 496728172.
2, 19, 6535897
List the prime factors of 2078016483.
3, 13457, 51473
What are the prime factors of 3278189165?
5, 83, 2531, 3121
What are the prime factors of 633567874?
2, 316783937
What are the prime factors of 361460450?
2, 5, 13, 556093
List the prime factors of 3050889732.
2, 3, 11, 43, 59723
List the prime factors of 6266535771.
3, 23, 90819359
What are the prime factors of 80518430?
2, 5, 2789, 2887
List the prime factors of 75292546.
2, 7, 1553, 3463
What are the prime factors of 1014506661?
3, 7, 373, 129517
What are the prime factors of 91750751?
17, 29, 186107
List the prime factors of 1779323690.
2, 5, 67, 223, 11909
What are the prime factors of 183695731?
183695731
List the prime factors of 2164002022.
2, 7, 13, 127, 251, 373
What are the prime factors of 90351518?
2, 1213, 37243
What are the prime factors of 748660684?
2, 3583, 52237
List the prime factors of 167436016.
2, 11, 951341
List the prime factors of 50538092.
2, 11, 1148593
What are the prime factors of 1010759029?
7, 1613, 89519
What are the prime factors of 50013457?
13, 347, 11087
List the prime factors of 43117612.
2, 19, 47, 12071
What are the prime factors of 1212556278?
2, 3, 202092713
What are the prime factors of 1750529670?
2, 3, 5, 647, 90187
What are the prime factors of 3152413316?
2, 13, 60623333
List the prime factors of 25352693.
23, 47, 499
List the prime factors of 1172989174.
2, 7, 43, 487, 4001
What are the prime factors of 112409380?
2, 5, 5620469
List the prime factors of 15320851.
7, 13, 31, 5431
List the prime factors of 3885077815.
5, 53, 1699, 8629
What are the prime factors of 31415169?
3, 2851, 3673
List the prime factors of 5991028942.
2, 941, 3183331
What are the prime factors of 42335066?
2, 17, 1245149
What are the prime factors of 749530239?
3, 249843413
What are the prime factors of 163164540?
2, 3, 5, 7, 11, 35317
What are the prime factors of 227936978?
2, 421, 270709
What are the prime 